k - 1683. Determine h(-52).
1229
Let w(b) = -b**3 - 11*b**2 + 150*b + 1264. Give w(-7).
18
Let o(c) = -3*c**2 + 97*c + 632. Calculate o(-8).
-336
Let x(p) = -p**2 + 3496*p - 313153. What is x(92)?
15
Let l(u) = 600*u + 11416. Determine l(-19).
16
Let t(y) = y**3 - 2611*y**2 - 63246*y - 153. Determine t(-24).
-9
Let i(q) = -67072*q - 201481. Give i(-3).
-265
Let i(t) = 2622*t - 325430. What is i(124)?
-302
Let r(l) = -l**3 + 29*l**2 - 183*l - 380. Determine r(16).
20
Let s(t) = -51*t**2 - 14786*t + 1135. Give s(-290).
-25
Let f(n) = n**3 + 29*n**2 + 229*n + 4. What is f(-18)?
-554
Let s(t) = 8008*t - 57299. What is s(7)?
-1243
Let w(i) = -17*i - 418. Give w(-9).
-265
Let m(w) = 18*w**3 - 5*w**2 + 561*w + 1138. What is m(-2)?
-148
Let g(i) = 22*i**2 + 8644*i - 787. Calculate g(-393).
-1
Let l(g) = 7*g**2 - 724*g + 98. Calculate l(106).
2006
Let o(w) = 353*w**2 - 262989*w + 2956. What is o(745)?
-24
Let p(c) = -2*c**2 - 22*c - 1014. Give p(-37).
-2938
Let u(c) = 40*c**3 - 674*c**2 - 1346*c + 22. Give u(-2).
-302
Let u(d) = 3*d**2 + 3335*d + 736102. Determine u(-808).
14
Let w(m) = -51*m**2 - 6418*m + 7487. Calculate w(-127).
-6
Let f(k) = k**3 + 55*k**2 + 745*k + 386. Calculate f(-22).
-32
Let l(n) = 113*n**2 + 323*n - 332. What is l(1)?
104
Let b(q) = 7*q**3 - 47*q**2 - 42*q + 125. Calculate b(7).
-71
Let q(i) = -2*i**2 + 22*i + 18. What is q(19)?
-286
Let g(q) = q**3 + 103*q**2 - 32*q + 7533. What is g(-104)?
45
Let s(g) = 1214*g + 1031. Give s(-1).
-183
Let u(r) = -r**2 - 2928*r - 40829. Calculate u(-14).
-33
Let t(y) = -y**3 + 13*y**2 + 2175*y - 28214. Determine t(13).
61
Let p(r) = r**3 - 20*r**2 + 257*r - 932. Determine p(5).
-22
Let f(k) = -15*k**2 + 3315*k - 16208. Determine f(216).
-8
Let q(r) = -r**2 - 20094*r - 220915. Calculate q(-11).
-2
Let s(z) = 1105*z + 274079. Determine s(-248).
39
Let a(v) = v**2 + 281*v - 37830. What is a(-381)?
270
Let z(a) = -2*a**3 + 18*a**2 + 52*a - 569. Give z(14).
-1801
Let r(q) = -6653*q + 598788. Determine r(90).
18
Let o(b) = 2*b**3 - 471*b**2 + 65*b + 39932. Determine o(235).
-18
Let i(k) = k**2 + 13865*k + 373598. Determine i(-27).
-28
Let g(x) = -7462*x - 164425. What is g(-22)?
-261
Let q(t) = -120609*t - 2532790. Give q(-21).
-1
Let l(c) = -2670*c + 29382. Calculate l(11).
12
Let a(j) = -2*j**3 - 111*j**2 + 8482*j - 620. Determine a(43).
-147
Let y(t) = -565*t + 677. What is y(2)?
-453
Let z(a) = 91764*a**2 - 1559984*a - 66. Calculate z(17).
2
Let m(t) = -31854*t - 700798. Determine m(-22).
-10
Let g(h) = 2017*h + 20157. What is g(-10)?
-13
Let x(d) = d**3 + 685*d**2 + 4686*d - 40689. Give x(-678).
-9
Let b(a) = 681*a - 8142. Give b(12).
30
Let h(n) = 12950*n - 712238. Give h(55).
12
Let g(y) = -2*y**3 + 21*y**2 - 472*y + 3459. What is g(8)?
3
Let a(z) = -179*z - 107. Determine a(-1).
72
Let j(o) = -14120*o - 494160. Give j(-35).
40
Let f(w) = 11718*w + 7862796. Calculate f(-671).
18
Let l(m) = m**2 + 66*m - 3568. Give l(39).
527
Let f(v) = 2*v**3 - 146*v**2 - 145*v + 39532. Calculate f(70).
-18
Let v(p) = p**3 + 506*p**2 + 10191*p + 2524. What is v(-485)?
-386
Let j(f) = -2600*f - 20785. Give j(-8).
15
Let m(l) = -l**2 + 6009*l + 156732. Give m(-26).
-178
Let u(j) = -6800*j - 27199. Calculate u(-4).
1
Let k(d) = 768640*d - 2305915. Calculate k(3).
5
Let f(d) = 412*d + 1270. Calculate f(-3).
34
Let h(j) = 125795*j - 5786577. Give h(46).
-7
Let n(r) = 2506*r - 17279. What is n(7)?
263
Let w(k) = 95*k**2 - 796*k + 898. Calculate w(7).
-19
Let k(d) = 133098*d - 2129608. Calculate k(16).
-40
Let x(y) = 2*y**2 + 5385*y + 2425845. Give x(-572).
-7
Let g(h) = -5*h**2 + 1082*h - 35570. Give g(176).
-18
Let b(c) = 69*c**3 - 3036*c**2 + 2*c - 129. What is b(44)?
-41
Let t(y) = 56*y**2 - 187*y - 1685. Give t(-5).
650
Let z(m) = -925*m**2 - 12008*m + 195. What is z(-13)?
-26
Let b(m) = 5285*m + 105009. Give b(-20).
-691
Let v(p) = 2873*p + 178078. Give v(-62).
-48
Let f(m) = -18822*m - 16996276. What is f(-903)?
-10
Let p(q) = -q**3 - 146*q**2 - 2309*q - 650. Give p(-128).
-10
Let k(y) = 3906*y + 464810. Calculate k(-119).
-4
Let f(i) = 2*i**3 + 54*i**2 + 205*i - 220. Determine f(-5).
-145
Let f(c) = -2*c**2 - 7171*c - 64387. Give f(-9).
-10
Let i(d) = 11*d**2 - 19062*d - 2. What is i(0)?
-2
Let v(x) = 26*x**2 - 2341*x - 558. Determine v(90).
-648
Let f(j) = j**3 + 46*j**2 + 416*j - 455. Determine f(-32).
569
Let o(n) = n**2 + 92*n - 9748. Give o(63).
17
Let u(h) = h**3 - 498*h**2 + 504*h - 3472. Calculate u(497).
7
Let y(d) = 108*d**3 - 647*d**2 - 96*d + 547. Give y(6).
7
Let k(h) = -43*h**2 + 40514*h + 73641. Give k(944).
9
Let l(d) = 2*d**3 - 149*d**2 + 2744*d + 144. Calculate l(34).
-196
Let h(d) = 1045*d + 11508. Calculate h(-11).
13
Let q(k) = 2*k**3 - k**2 - 6*k - 6. Calculate q(-1).
-3
Let j(o) = 13*o**2 + 727*o - 1568. What is j(-58)?
-2
Let h(i) = 2*i**2 + 302*i - 57067. Calculate h(-264).
2597
Let q(c) = -c**3 + 61*c**2 + 1766*c + 8190. Give q(-6).
6
Let f(q) = q**2 - 389*q + 36514. Determine f(158).
16
Let f(o) = -49*o**2 - 2406*o - 273. Determine f(-49).
-28
Let s(u) = 152*u**2 - 897*u + 695. What is s(5)?
10
Let h(v) = -5*v**3 + 19*v**2 + 628*v - 3431. Give h(6).
-59
Let p(j) = -j**2 - 440*j + 56579. What is p(104)?
3
Let m(v) = -16*v**3 + 8388*v**2 - 2092*v - 2104. What is m(524)?
-8
Let a(i) = -26*i**2 - 6220*i - 49808. Give a(-8).
-1712
Let n(q) = -117*q + 385. Give n(6).
-317
Let q(i) = -55806*i**2 - 167407*i + 26. Calculate q(-3).
-7
Let x(g) = -g**3 - 198*g**2 + 1714*g + 1288. Calculate x(9).
-53
Let a(v) = 4764*v**2 - 33303*v - 359. Calculate a(7).
-44
Let b(p) = -p**2 + 3324*p + 29999. Determine b(-9).
2
Let u(x) = 75*x**3 - 39*x**2 - 173*x - 31. Give u(-4).
-4763
Let k(n) = -2351386*n + 14108313. Give k(6).
-3
Let i(w) = w**2 + 981*w - 128477. Give i(117).
-11
Let d(v) = v**3 - 52*v**2 + 142*v - 7374. Give d(52).
10
Let d(j) = -7804*j - 1100361. Give d(-141).
3
Let p(r) = 4*r**3 + 242*r**2 - 90*r + 195. What is p(-61)?
-1757
Let v(w) = -2*w**2 + 89*w - 209. Determine v(42).
1
Let g(m) = 16*m**3 + 208*m**2 - 5*m - 95. Determine g(-13).
-30
Let b(j) = 5*j**2 + 366*j + 4228. Give b(-57).
-389
Let v(y) = -13581*y + 54279. What is v(4)?
-45
Let u(d) = 590*d**2 + 24789*d + 238. Give u(-42).
-140
Let r(k) = -k**3 - 6*k**2 - 1845*k - 7344. Give r(-4).
4
Let r(c) = -c**3 + 12*c**2 + 2558*c - 23025. Give r(9).
240
Let d(f) = -167559*f + 9383315. Determine d(56).
11
Let i(m) = -2763*m - 133969. Give i(-49).
1418
Let c(z) = 7154*z - 1745593. Determine c(244).
-17
Let j(p) = -3*p**2 - 1486*p - 17818. Determine j(-12).
-418
Let t(q) = -95495*q - 763880. Give t(-8).
80
Let r(v) = v**3 - 16*v**2 - 1890*v - 53. Determine r(52).
-989
Let m(p) = -356077*p + 37388092. Determine m(105).
7
Let z(p) = p**3 + 183*p**2 - 174*p + 2622. What is z(-184)?
782
Let q(w) = -14*w**2 + 3848*w + 479. Calculate q(275).
-71
Let z(r) = -2*r**3 + 81*r**2 - 185*r + 2650. Determine z(39).
-2
Let x(h) = 6937*h + 47614. Calculate x(-7).
-945
Let c(r) = 1186*r - 405614. Calculate c(342).
-2
Let o(b) = 5*b**3 - 545*b**2 + 671*b - 14126. What is o(108)?
22
Let x(m) = 5*m**2 - 168*m - 2295. What is x(-12)?
441
Let r(g) = -2*g**2 - 19*g + 3633. Determine r(-51).
-600
Let p(j) = -j**3 - 9*j**2 + 44*j + 137. What is p(-12)?
41
Let i(t) = 6201*t**2 + 2*t + 15. What is i(0)?
15
Let n(m) = -43*m**2 - 294*m + 2649. Determine n(9).
-3480
Let c(p) = 58*p + 604. What is c(-10)?
24
Let l(o) = -24*o - 3210. Determine l(-132).
-42
Let l(z) = -z**2 - 458*z - 49826. Give l(-178).
14
Let c(d) = -d**2 - 205*d - 10283. What is c(-117)?
13
Let x(k) = k**3 - 17*k**2 - 27*k + 233. What is x(16)?
-455
Let j(m) = 1029*m + 43218. Calculate j(-42).
0
Let a(k) = -397*k - 21536. What is a(-54)?
-98
Let p(z) = 88265*z + 7414242. Calculate p(-84).
-18
Let j(m) = 522*m + 33635. What is j(-67)?
-1339
Let h(v) = 24*v**2 + 32*v - 8. Give h(5).
752
Let w(k) = 5*k**2 - 1437*k - 780015. Determine w(564).
-3
Let q(t) = t**2 + 2043*t + 16291. Determine q(-8).
11
Let k(r) = 843*r + 26259. What is k(-31)?
126
Let h(m) = -m**3 - 109*m**2 - 19*m + 9593. What is h(-108)?
-19
Let m(n) = -5*n**2 - 12216*n + 73376. What is m(6)?
-100
Let r(b) = -3*b**2 + 614*b + 5323. What is r(213)?
-2
Let u(n) = 2*n**2 + 60945*n + 24058005. What is u(-400)?
5
Let t(i) = -50274*i + 36700